**2 - s**2 - 2 - s**2 + 4*s - s**3 - s. What is the units digit of p(-4)?
2
Let k = -1 - -8. Let w = k + -9. What is the units digit of (-22)/w + (-4 - -2)?
9
Let t(n) = n. Let k be t(12). Let d(r) = -r + 21. What is the units digit of d(k)?
9
Suppose -2*w + 7*w = 3*q + 50, 5*w = 5*q + 50. Suppose 2*j + 8 = -2*b, 0 = 4*b + 5*j + 11 + w. What is the units digit of (b - -4) + 1 - 1?
5
Let s(g) = -g**3 - 8*g**2 - 2*g - 12. Let i = 0 + -8. What is the units digit of s(i)?
4
Suppose 5*f = -3*b - 25, 0 - 20 = 4*f. Suppose 3*m + i = -2*m + 79, 2*m + 3*i - 42 = b. What is the tens digit of m?
1
Let f be (-3)/((-12)/(-10) + -1). Let h be f/(-10)*4*2. What is the units digit of (-1)/(h/(-10) - -1)?
5
Let o = 1 + 26. What is the tens digit of o?
2
Let p(a) = a + 12. Let h be p(-10). Suppose h*d - 57 = -d. Let i = d + -10. What is the units digit of i?
9
What is the units digit of (2 + 3)*2 + -1?
9
Let c = 34 - 23. Suppose 3*f = c - 2. What is the units digit of f?
3
Let j = 1 - 1. Suppose -2*t + 2 = -j. What is the units digit of t?
1
Let k = 23 + -3. What is the tens digit of (11 + -1)*30/k?
1
Let w(q) = -q**2 - 5*q + 4. Let f be w(-5). Suppose f*m = m + 27. What is the units digit of m?
9
Let v = -4 + 4. Suppose v = -f + 8. What is the units digit of f?
8
Let s(p) = -p - 5. Let y(z) = 2*z + 4. Let t(x) = 2*s(x) + 3*y(x). What is the units digit of t(2)?
0
Suppose -2*l - 35 = -3*b - 6, -b - 5*l + 38 = 0. Suppose 2*i = o + b, -3*i + 5*o - 33 = -7*i. What is the units digit of i?
7
Suppose 0 = 54*c - 52*c - 46. What is the tens digit of c?
2
Let s = 28 + 32. What is the tens digit of s?
6
Suppose 70 = -0*o + 2*o + 5*g, 140 = 4*o + 3*g. What is the units digit of o?
5
What is the tens digit of 10/2 + -10 + 256?
5
Let f = -11 - -13. Suppose -2*s + 5*r + 47 = 0, -59 = -3*s - 6*r + f*r. What is the units digit of s?
1
Suppose -2 = 4*u + 2, 4*n = -2*u + 54. What is the units digit of n?
4
Suppose -2*j + 306 = -4*z, 13*j = 10*j + 3*z + 456. What is the units digit of j?
1
Let b(v) = v**2 + v - 1. Let a be b(6). Let c = -23 + a. What is the tens digit of c?
1
Let f = -52 - -93. What is the tens digit of f?
4
Suppose -3*a + 5*o = -94, -2*a + a + 32 = -2*o. What is the units digit of a?
8
Suppose 8 + 32 = -5*y. Let x be -6*(y/(-6) - 0). What is the units digit of ((-24)/4)/(6/x)?
8
Let y(b) = 16*b - 5. Let j be y(2). Suppose -n + o + j = 7, -3*n = -4*o - 60. What is the tens digit of n?
2
Let t(r) = r**2 + r + 4. Let q be t(0). Suppose -2*y = 2*f - 44, -f + 5*y - 70 = -q*f. What is the units digit of f?
0
Let n be 3 + (3 - (-2 - -2)). Let k = n - 3. Suppose -k*w = -0*w - 6. What is the units digit of w?
2
Let v = 37 + -16. What is the units digit of v?
1
Let y be 6/9*9 + -2. Suppose -y*o + 80 = o. What is the units digit of o?
6
What is the units digit of (10/(-20))/((-1)/22)?
1
Let d be 174/8 + (-2)/(-8). Suppose -d = -3*g - 7. Suppose -g*z + 5 = -30. What is the units digit of z?
7
Let l(g) = g**2 - 7*g + 9. Let v be l(6). Suppose -3 + 12 = v*a. What is the tens digit of 60/(-9)*a/(-2)?
1
Suppose 2*i + 7 = -3*n, 3*i + n = -0*n + 7. What is the tens digit of -65*-4*i/40?
2
Suppose 4*n = -n - 2*p + 364, 2*p = 5*n - 356. What is the units digit of n?
2
Suppose -4*o + 3 = -o. Let a(n) = n**2 - 4*n + 3. Let g be a(3). Suppose g = -h + o + 1. What is the units digit of h?
2
What is the units digit of (-12 - -11) + 251*1?
0
Let a = 46 + -21. What is the units digit of a?
5
Suppose 5*s - g + 70 = 4*g, -2*g = -8. What is the units digit of (-4 - 2)*s/15?
4
Let m = 170 - 31. What is the units digit of m?
9
Let z(a) = -2*a**3 - 12*a**2 - 5*a. What is the units digit of z(-6)?
0
Let j be (-2)/((-3)/(30/4)). Suppose -2*q + h + 20 = 5*h, -j*q + 2*h = -2. What is the units digit of q?
2
Let w = -36 + 42. What is the units digit of w?
6
Suppose -2*r + 2 = -2*j, -r + 2*j = 3*j - 3. Suppose -3*o - k = -6, 0 = -3*o - r*k + 3. Suppose 0 = o*g - g - 8. What is the units digit of g?
4
Let c = 76 - 45. Suppose -4*x + c = y, y - 6*y = x - 60. Suppose -2*j + 2 = t, -y - 6 = -3*j + 2*t. What is the units digit of j?
3
Let g(x) = x**3 - 4*x**2 + 2*x - 3. Let k be 1*2 - (4 - 6). Let r be g(k). Suppose 4*v + 5*j = -r + 38, -26 = -4*v + 2*j. What is the units digit of v?
7
Let q = 223 + -128. Suppose q = 5*p + 4*d, 0 = -5*p - 5*d + 100 - 5. What is the tens digit of p?
1
Let t = -4 + 6. Suppose -t*x - 18 = x. What is the units digit of 20/(-6)*x/5?
4
Let i = 87 - 50. What is the tens digit of i?
3
Let x(a) = -a. Let i be x(-10). Let v = 12 - i. What is the units digit of v?
2
Let o = 13 + -16. Let v(p) = p**3 + 4*p**2 - 2*p - 4. What is the units digit of v(o)?
1
Let k(i) = -23*i - 1. Let g be ((-16)/24)/((-2)/(-3)). What is the units digit of k(g)?
2
Let z = -14 - -26. Suppose -z = o - 4*o. Let l(k) = k**3 - 3*k**2 - 1. What is the units digit of l(o)?
5
Let v = -27 + 53. Suppose 2*o - 74 + v = 0. Let z = -9 + o. What is the tens digit of z?
1
Let r be 3/(3*-3)*-9. Suppose -r*k + 5 = -2*k. Suppose -k*p = -3*m - 65, 0 = -2*p - 0*m + m + 27. What is the units digit of p?
6
Let m = 0 + 2. What is the units digit of -3 + 10 + m + 1?
0
Let r = -96 + 139. What is the tens digit of r?
4
Suppose 2*w - 300 = 5*g, -2*w - g = -112 - 164. What is the hundreds digit of w?
1
Let q(f) = -f**3 - 8*f**2 + 8*f - 7. Let z = -3 - -4. Let j be z/(((-6)/(-27))/(-2)). What is the units digit of q(j)?
2
Let l = 8 + -4. Suppose i + 2 = l. Suppose -2*c = -u - 11, 5*c - 50 = -4*u + i*u. What is the units digit of c?
8
Let h(p) = p**2 - 2*p + 10. What is the units digit of h(6)?
4
What is the units digit of 7/(7/(-3)) + 52?
9
Let n be 114/5 + (-2)/(-10). Suppose n + 2 = 5*m. Let p(j) = j**3 - 5*j**2 + 2*j - 6. What is the units digit of p(m)?
4
Let q(v) = -2*v - 4. Let l be q(-5). Suppose t + f = 0, -t - t - 5*f - l = 0. Suppose t*i + i = 39. What is the tens digit of i?
1
Suppose 35 = -3*p + 6*p - 5*c, 0 = 3*c - 6. Let w = -11 + p. What is the units digit of w?
4
Let p be (-1 - 2)*(-26)/3. Let m = 36 - p. Suppose 4*k - 2 - m = 0. What is the units digit of k?
3
Suppose 4*j = 2*j - 4*x + 14, 2*x = -5*j + 11. What is the units digit of j?
1
Let h = -70 - -112. What is the units digit of h?
2
Let w(o) = -o**3 + 13*o**2 - 8*o + 35. What is the tens digit of w(11)?
8
Let q(j) = -5*j**3 - j**2 + j. Let h be q(-2). Suppose -2*b = 5*m, 5*b - 1 - h = 5*m. Suppose 37 + 8 = b*x. What is the units digit of x?
9
Suppose 3 - 1 = x, 5*x + 170 = 5*j. What is the units digit of j?
6
Let s be 0/((-1)/2*-4). Suppose -5*l = 4*a - 17, 4*l + 44 = 4*a - s*a. Suppose a = 2*b + 2. What is the units digit of b?
3
Suppose 0 = -2*p - 1 + 17. Let g = -5 + p. What is the units digit of g?
3
What is the tens digit of 4/((-4)/(-3))*23?
6
Suppose 15 = -5*g - 0, -4*z - 3*g - 1 = 0. What is the units digit of (1 - 2)/(z/(-20))?
0
Let k(n) = -n**3 + 5*n**2 - 3*n - 2. Let t be k(5). Let h = 25 + t. What is the units digit of h?
8
Let n be (-1)/2 - (-45)/10. Suppose -5*o = -5*f, -n*f = -0*o + 2*o - 24. Suppose -16 = o*b, -b = v + 2*b + 5. What is the units digit of v?
7
Suppose z = 15 + 1. What is the units digit of z?
6
Let j be 4/(-20) - (-2)/10. Let y(r) = r + 18. What is the units digit of y(j)?
8
Suppose -4 = -0*j - j. Suppose 0 = 3*p + 4*m - 29, -2*p - p + m + j = 0. What is the units digit of p?
3
Suppose -3*x + 20 = n - 0, 2*x - 9 = -5*n. Suppose x*w - 15 = 6*w. What is the units digit of w?
5
Let m(n) be the second derivative of -n**3/6 - 13*n**2/2 - n. Let c be m(-10). What is the units digit of (-2)/c*(-45)/(-10)?
3
Let q = 256 + -138. What is the units digit of q?
8
Let d = -15 + 14. What is the units digit of (-34)/(-8)*(-4)/d?
7
Let o(w) = -w**2 - 7*w - 2. What is the units digit of o(-2)?
8
Let o(p) = 85*p**2 - 2*p + 4. Let v(s) = 42*s**2 - s + 2. Let m(f) = -2*o(f) + 5*v(f). What is the tens digit of m(1)?
4
Suppose -3*q - 5 = -8. Let m be -6*q*(-147)/14. What is the units digit of (-18)/m - 58/(-7)?
8
Suppose -4*n - 5*a = -3*n - 40, 0 = -2*n + 2*a + 104. What is the units digit of n?
0
Let p(z) = -39*z + 22. What is the tens digit of p(-7)?
9
Let r(j) = 5*j - 2. Suppose 2 = 2*o - 4. What is the units digit of r(o)?
3
Suppose -2*s + 5*k = -91, -s - 4*s + 5*k = -190. What is the tens digit of s?
3
Suppose -4*x = -16, -3*q = x + 3*x - 